he prime factors of 1213.
1213
List the prime factors of 1049.
1049
List the prime factors of 13622.
2, 7, 139
What are the prime factors of 69313?
69313
What are the prime factors of 4573?
17, 269
What are the prime factors of 8059?
8059
List the prime factors of 1485.
3, 5, 11
List the prime factors of 2952.
2, 3, 41
List the prime factors of 37201.
37201
List the prime factors of 13034.
2, 7, 19
List the prime factors of 22.
2, 11
What are the prime factors of 3729?
3, 11, 113
List the prime factors of 53569.
53569
What are the prime factors of 61433?
23, 2671
What are the prime factors of 1990?
2, 5, 199
What are the prime factors of 3559?
3559
List the prime factors of 2405.
5, 13, 37
What are the prime factors of 17772?
2, 3, 1481
What are the prime factors of 1338?
2, 3, 223
What are the prime factors of 19949?
19949
List the prime factors of 2279.
43, 53
What are the prime factors of 310?
2, 5, 31
List the prime factors of 47938.
2, 11, 2179
List the prime factors of 1032.
2, 3, 43
List the prime factors of 3831.
3, 1277
What are the prime factors of 101?
101
What are the prime factors of 20982?
2, 3, 13, 269
What are the prime factors of 3224?
2, 13, 31
What are the prime factors of 2797?
2797
List the prime factors of 7253.
7253
List the prime factors of 21266.
2, 7, 31
List the prime factors of 665.
5, 7, 19
List the prime factors of 1947.
3, 11, 59
What are the prime factors of 50804?
2, 13, 977
List the prime factors of 205.
5, 41
What are the prime factors of 437?
19, 23
List the prime factors of 126352.
2, 53, 149
What are the prime factors of 3721?
61
What are the prime factors of 1457?
31, 47
What are the prime factors of 4853?
23, 211
What are the prime factors of 7281?
3, 809
List the prime factors of 44679.
3, 53, 281
List the prime factors of 1584.
2, 3, 11
What are the prime factors of 25523?
25523
What are the prime factors of 21260?
2, 5, 1063
List the prime factors of 5240.
2, 5, 131
List the prime factors of 2231.
23, 97
What are the prime factors of 351?
3, 13
List the prime factors of 1615.
5, 17, 19
What are the prime factors of 1484?
2, 7, 53
List the prime factors of 2.
2
List the prime factors of 23542.
2, 79, 149
List the prime factors of 65343.
3, 23, 947
What are the prime factors of 8747?
8747
List the prime factors of 19427.
19427
List the prime factors of 4216.
2, 17, 31
What are the prime factors of 36245?
5, 11, 659
List the prime factors of 8717.
23, 379
List the prime factors of 1324.
2, 331
What are the prime factors of 50914?
2, 25457
What are the prime factors of 3223?
11, 293
What are the prime factors of 1348?
2, 337
List the prime factors of 41.
41
What are the prime factors of 9820?
2, 5, 491
What are the prime factors of 3884?
2, 971
List the prime factors of 10664.
2, 31, 43
List the prime factors of 15931.
89, 179
List the prime factors of 78922.
2, 39461
List the prime factors of 71023.
71023
List the prime factors of 11172.
2, 3, 7, 19
List the prime factors of 596.
2, 149
What are the prime factors of 10791?
3, 11, 109
What are the prime factors of 1610?
2, 5, 7, 23
What are the prime factors of 4578?
2, 3, 7, 109
What are the prime factors of 14935?
5, 29, 103
List the prime factors of 14268.
2, 3, 29, 41
What are the prime factors of 131897?
41, 3217
List the prime factors of 604.
2, 151
What are the prime factors of 28072?
2, 11, 29
What are the prime factors of 25664?
2, 401
List the prime factors of 1227.
3, 409
List the prime factors of 2108.
2, 17, 31
What are the prime factors of 97275?
3, 5, 1297
List the prime factors of 70.
2, 5, 7
List the prime factors of 2311.
2311
List the prime factors of 16394.
2, 7, 1171
What are the prime factors of 111?
3, 37
What are the prime factors of 92688?
2, 3, 1931
What are the prime factors of 571?
571
List the prime factors of 152718.
2, 3, 25453
What are the prime factors of 15844?
2, 17, 233
List the prime factors of 4145.
5, 829
List the prime factors of 51.
3, 17
What are the prime factors of 33986?
2, 16993
List the prime factors of 5935.
5, 1187
List the prime factors of 1151.
1151
What are the prime factors of 33023?
33023
List the prime factors of 66068.
2, 83, 199
List the prime factors of 1162.
2, 7, 83
List the prime factors of 3900.
2, 3, 5, 13
List the prime factors of 679.
7, 97
List the prime factors of 2594.
2, 1297
What are the prime factors of 10069?
10069
List the prime factors of 20235.
3, 5, 19, 71
What are the prime factors of 3599?
59, 61
What are the prime factors of 3197?
23, 139
What are the prime factors of 209?
11, 19
What are the prime factors of 181327?
179, 1013
What are the prime factors of 478?
2, 239
List the prime factors of 134.
2, 67
What are the prime factors of 2981?
11, 271
What are the prime factors of 683?
683
List the prime factors of 27608.
2, 7, 17, 29
List the prime factors of 19829.
79, 251
What are the prime factors of 8595?
3, 5, 191
What are the prime factors of 52988?
2, 13, 1019
What are the prime factors of 11208?
2, 3, 467
What are the prime factors of 512?
2
What are the prime factors of 3444?
2, 3, 7, 41
List the prime factors of 1592.
2, 199
List the prime factors of 1588.
2, 397
What are the prime factors of 1775?
5, 71
What are the prime factors of 3870?
2, 3, 5, 43
What are the prime factors of 6784?
2, 53
What are the prime factors of 2942?
2, 1471
List the prime factors of 22202.
2, 17, 653
List the prime factors of 94720.
2, 5, 37
What are the prime factors of 300?
2, 3, 5
What are the prime factors of 12954?
2, 3, 17, 127
What are the prime factors of 8178?
2, 3, 29, 47
List the prime factors of 15834.
2, 3, 7, 13, 29
What are the prime factors of 21366?
2, 3, 1187
What are the prime factors of 55073?
55073
What are the prime factors of 25362?
2, 3, 1409
What are the prime factors of 1482?
2, 3, 13, 19
What are the prime factors of 26641?
26641
List the prime factors of 161803.
239, 677
What are the prime factors of 7124?
2, 13, 137
List the prime factors of 40995.
3, 5, 911
What are the prime factors of 23751?
3, 7, 13, 29
List the prime factors of 1408.
2, 11
What are the prime factors of 2962?
2, 1481
What are the prime factors of 12473?
12473
List the prime factors of 767.
13, 59
List the prime factors of 3810.
2, 3, 5, 127
What are the prime factors of 1239?
3, 7, 59
List the prime factors of 6379.
6379
List the prime factors of 3401.
19, 179
What are the prime factors of 1439?
1439
What are the prime factors of 875?
5, 7
List the prime factors of 3333.
3, 11, 101
What are the prime factors of 67359?
3, 22453
List the prime factors of 5588.
2, 11, 127
List the prime factors of 53170.
2, 5, 13, 409
List the prime factors of 811.
811
List the prime factors of 3868.
2, 967
What are the prime factors of 822?
2, 3, 137
List the prime factors of 39642.
2, 3, 6607
What are the prime factors of 34824?
2, 3, 1451
What are the prime factors of 2796?
2, 3, 233
What are the prime factors of 5537?
7, 113
List the prime factors of 9024.
2, 3, 47
What are the prime factors of 943?
23, 41
What are the prime factors of 1824?
2, 3, 19
What are the prime factors of 30327?
3, 11, 919
List the prime factors of 46744.
2, 5843
What are the prime factors of 562?
2, 281
What are the prime factors of 940?
2, 5, 47
List the prime factors of 31568.
2, 1973
What are the prime factors of 8629?
8629
List the prime factors of 38387.
23, 1669
What are the prime factors of 4836?
2, 3, 13, 31
List the prime factors of 886.
2, 443
What are the prime factors of 1387?
19, 73
What are the prime factors of 25828?
2, 11, 587
List the prime factors of 306.
2, 3, 17
What are the prime factors of 1565?
5, 313
What are the prime factors of 317?
317
List the prime factors of 984.
2, 3, 41
List the prime factors of 23966.
2, 23, 521
What are the prime factors of 630?
2, 3, 5, 7
What are the prime factors of 5192?
2, 11, 59
List the prime factors of 3427.
23, 149
What are the prime factors of 83746?
2, 13, 3221
List the prime factors of 129848.
2, 16231
What are the prime factors of 65792?
2, 257
What are the prime factors of 9049?
9049
List the prime factors of 4685.
5, 937
What are the prime factors of 1383?
3, 461
What are the prime factors of 5349?
3, 1783
List the prime factors of 1996.
2, 499
List the prime fact